lse
Is 9151 prime?
True
Is 28879 composite?
False
Is 177259 a prime number?
False
Is 3439529 a prime number?
True
Is 2317 prime?
False
Is 2669 a composite number?
True
Is 1778279 prime?
True
Is 63677 a prime number?
False
Is 158189 prime?
True
Is 332437 a prime number?
False
Is 9647 a composite number?
True
Is 2976086 prime?
False
Is 337207 prime?
False
Is 1319 composite?
False
Is 82783 a composite number?
True
Is 33665 prime?
False
Is 1347 a prime number?
False
Is 7039 a prime number?
True
Is 400627 prime?
False
Is 2628871 a composite number?
True
Is 4873 a prime number?
False
Is 148327 composite?
True
Is 213011 prime?
False
Is 86703 prime?
False
Is 3599 a composite number?
True
Is 2866937 prime?
True
Is 33481 prime?
False
Is 4138 composite?
True
Is 257473 a composite number?
False
Is 102959 a prime number?
False
Is 5711 composite?
False
Is 235159 a prime number?
True
Is 103717 composite?
True
Is 10291 prime?
False
Is 5042 a composite number?
True
Is 46237 composite?
False
Is 5779 a composite number?
False
Is 76643 a prime number?
False
Is 8128291 a prime number?
False
Is 37391 composite?
True
Is 1606733 a composite number?
False
Is 443047 a composite number?
True
Is 1600321 a composite number?
False
Is 4007 a composite number?
False
Is 85001 prime?
False
Is 161039 a composite number?
False
Is 28901 a composite number?
False
Is 7773 composite?
True
Is 143578 prime?
False
Is 148763 a composite number?
False
Is 15259 composite?
False
Is 8683 a composite number?
True
Is 272797 composite?
True
Is 2077 prime?
False
Is 440959 prime?
True
Is 16869 a composite number?
True
Is 309041 prime?
False
Is 17011 composite?
False
Is 45651 a prime number?
False
Is 18599 a composite number?
True
Is 57283 composite?
False
Is 787291 a composite number?
True
Is 917423 composite?
True
Is 2939 a prime number?
True
Is 9967 a composite number?
False
Is 173371 a composite number?
True
Is 641579 composite?
False
Is 1205609 prime?
True
Is 1835 a composite number?
True
Is 14923 a prime number?
True
Is 14961 composite?
True
Is 8951 composite?
False
Is 1070666 a composite number?
True
Is 1261 composite?
True
Is 135011 a prime number?
False
Is 7613 prime?
False
Is 25841 composite?
False
Is 11549 a composite number?
False
Is 4629 prime?
False
Is 51193 prime?
True
Is 12871 composite?
True
Is 285661 prime?
True
Is 31643 a prime number?
True
Is 1086607 prime?
True
Is 166697 a composite number?
True
Is 1094 a composite number?
True
Is 217157 composite?
False
Is 267187 composite?
False
Is 133 a prime number?
False
Is 1092059 composite?
False
Is 6122 a prime number?
False
Is 2271143 a prime number?
False
Is 9587 composite?
False
Is 12661 a prime number?
False
Is 1795839 composite?
True
Is 800923 composite?
False
Is 9719 prime?
True
Is 979 a composite number?
True
Is 994351 a prime number?
False
Is 23449 a composite number?
True
Is 119249 a composite number?
True
Is 2505773 a composite number?
False
Is 7483 a prime number?
False
Is 4717 a composite number?
True
Is 417839 a composite number?
False
Is 17291 a composite number?
False
Is 34901 a composite number?
True
Is 3881 a composite number?
False
Is 2161813 a prime number?
True
Is 61219 prime?
False
Is 113 a composite number?
False
Is 13555 composite?
True
Is 1657 a prime number?
True
Is 8300009 composite?
False
Is 74219 composite?
False
Is 913309 composite?
False
Is 854723 prime?
False
Is 8765 prime?
False
Is 95531 a composite number?
False
Is 35291 composite?
False
Is 19529 a composite number?
True
Is 982987 a prime number?
False
Is 2531 a prime number?
True
Is 4757 prime?
False
Is 29119 a composite number?
True
Is 1016567 a composite number?
False
Is 1018429 composite?
False
Is 16057 composite?
False
Is 3797 prime?
True
Is 355253 prime?
False
Is 99551 prime?
True
Is 14143 a composite number?
False
Is 129665 a composite number?
True
Is 16431 a prime number?
False
Is 1567 composite?
False
Is 35729 prime?
True
Is 111533 composite?
False
Is 44293 a composite number?
False
Is 26171 a prime number?
True
Is 53143 prime?
False
Is 37049 a composite number?
False
Is 73009 a prime number?
True
Is 131245 composite?
True
Is 809 composite?
False
Is 304709 a composite number?
False
Is 14447 a composite number?
False
Is 259493 composite?
True
Is 11311 a composite number?
False
Is 23957 a prime number?
True
Is 18671 a prime number?
True
Is 631 composite?
False
Is 14486 a prime number?
False
Is 15971 a prime number?
True
Is 244837 a composite number?
False
Is 2042953 a composite number?
True
Is 34603 a prime number?
True
Is 334913 composite?
True
Is 2158885 prime?
False
Is 86703 a prime number?
False
Is 919 a composite number?
False
Is 517457 a prime number?
True
Is 12197 a prime number?
True
Is 48299 a composite number?
False
Is 3797 a prime number?
True
Is 21403 a composite number?
True
Is 58937 composite?
False
Is 91727 a prime number?
False
Is 63029 prime?
True
Is 11113 a prime number?
True
Is 12269 prime?
True
Is 739 prime?
True
Is 240131 prime?
True
Is 3989 a prime number?
True
Is 31281 a prime number?
False
Is 1949 a prime number?
True
Is 11903 prime?
True
Is 1151 a composite number?
False
Is 2471 composite?
True
Is 28733 a composite number?
True
Is 314255 prime?
False
Is 22427 a composite number?
True
Is 12097 a prime number?
True
Is 376085 a composite number?
True
Is 82019 prime?
False
Is 180233 a prime number?
True
Is 78509 prime?
True
Is 370597 prime?
True
Is 21727 prime?
True
Is 253 prime?
False
Is 44839 prime?
True
Is 257981 a prime number?
True
Is 1213 a prime number?
True
Is 346739 prime?
True
Is 2360243 composite?
False
Is 553 a composite number?
True
Is 407641 prime?
False
Is 151539 prime?
False
Is 1395029 a composite number?
False
Is 1408207 a prime number?
False
Is 5129 prime?
False
Is 19661 a composite number?
False
Is 278321 composite?
False
Is 201 a prime number?
False
Is 805153 a prime number?
True
Is 1181839 a prime number?
True
Is 2777 a composite number?
False
Is 85067 a prime number?
False
Is 38351 a prime number?
True
Is 134989 composite?
False
Is 334987 a prime number?
True
Is 52147 a prime number?
True
Is 26941 a prime number?
False
Is 1365841 a prime number?
False
Is 5363 composite?
True
Is 96153 prime?
False
Is 1498297 a composite number?
True
Is 441421 composite?
False
Is 454091 prime?
False
Is 16945 a prime number?
False
Is 198899 prime?
True
Is 223413 composite?
True
Is 8197 a prime number?
False
Is 16181 composite?
True
Is 16753 prime?
False
Is 1541902 prime?
False
Is 9967 prime?
True
Is 658751 prime?
True
Is 40787 a prime number?
True
Is 275783 a composite number?
False
Is 2505683 prime?
True
Is 155603 a composite number?
True
Is 18059 composite?
False
Is 456991 prime?
True
Is 707933 a composite number?
False
Is 248749 composite?
False
Is 4133 prime?
True
Is 2371 prime?
True
Is 116183 prime?
False
Is 212673 a composite number?
True
Is 1259737 a prime number?
True
Is 37509 composite?
True
Is 16249 a prime number?
True
Is 55307 a prime number?
False
Is 8459 a prime number?
False
Is 2110481 composite?
True
Is 8501 composite?
False
Is 106261 a prime number?
True
Is 959 composite?
True
Is 297563 composite?
True
Is 812587 composite?
False
Is 371 prime?
False
Is 32343 a prime number?
False
Is 2819 a prime number?
True
Is 37667 a composite number?
True
Is 4181101 composite?
True
Is 9131 a composite number?
True
Is 294431 prime?
True
Is 12611 prime?
True
Is 1067 prime?
False
Is 26627 a prime number?
True
Is 54217 a composite number?
False
Is 145531 composite?
False
Is 298181 a prime number?
False
Is 2938679 a composite number?
False
Is 59921 a prime number?
True
Is 511559 a prime number?
True
Is 753 a composite number?
True
Is 76283 prime?
True
Is 526529 composite?
True
Is 889 prime?
False
Is 22303 composite?
False
Is 11721 prime?
False
Is 239059 a composite number?
True
Is 39943 a prime number?
False
Is 33457 a composite number?
False
Is 5513 prime?
False
Is 23158 composite?
True
Is 10799 composite?
False
Is 23663 a composite number?
False
Is 30431 a composite number?
False
Is 85055 composite?
True
Is 165245 a composite number?
True
Is 1527 a composite number?
True
Is 38531 prime?
False
Is 625121 prime?
False
Is 19001 prime?
True
Is 2393 a prime number?
True
Is 196919 a prime number?
True
Is 293317 a composite nu